{"id":652,"date":"2024-10-14T13:39:45","date_gmt":"2024-10-14T11:39:45","guid":{"rendered":"https:\/\/zis-sachenauston.de\/?page_id=652"},"modified":"2024-10-21T13:34:06","modified_gmt":"2024-10-21T11:34:06","slug":"about","status":"publish","type":"page","link":"https:\/\/zis-sachenauston.de\/?page_id=652","title":{"rendered":"about"},"content":{"rendered":"\t\t<div data-elementor-type=\"wp-page\" data-elementor-id=\"652\" class=\"elementor elementor-652\" data-elementor-post-type=\"page\">\n\t\t\t\t\t\t<section class=\"elementor-section elementor-top-section elementor-element elementor-element-4ff743a elementor-section-boxed elementor-section-height-default elementor-section-height-default\" data-id=\"4ff743a\" data-element_type=\"section\" data-e-type=\"section\">\n\t\t\t\t\t\t<div class=\"elementor-container elementor-column-gap-default\">\n\t\t\t\t\t<div class=\"elementor-column elementor-col-100 elementor-top-column elementor-element elementor-element-b8a60fb\" data-id=\"b8a60fb\" data-element_type=\"column\" data-e-type=\"column\">\n\t\t\t<div class=\"elementor-widget-wrap elementor-element-populated\">\n\t\t\t\t\t\t\t<\/div>\n\t\t<\/div>\n\t\t\t\t\t<\/div>\n\t\t<\/section>\n\t\t\t\t<section class=\"elementor-section elementor-top-section elementor-element elementor-element-a15b0e3 elementor-section-boxed elementor-section-height-default elementor-section-height-default\" data-id=\"a15b0e3\" data-element_type=\"section\" data-e-type=\"section\">\n\t\t\t\t\t\t<div class=\"elementor-container elementor-column-gap-default\">\n\t\t\t\t\t<div class=\"elementor-column elementor-col-100 elementor-top-column elementor-element elementor-element-633613f\" data-id=\"633613f\" data-element_type=\"column\" data-e-type=\"column\">\n\t\t\t<div class=\"elementor-widget-wrap elementor-element-populated\">\n\t\t\t\t\t\t<div class=\"elementor-element elementor-element-708b5df elementor-nav-menu--dropdown-tablet elementor-nav-menu__text-align-aside elementor-nav-menu--toggle elementor-nav-menu--burger elementor-widget elementor-widget-nav-menu\" data-id=\"708b5df\" data-element_type=\"widget\" data-e-type=\"widget\" data-settings=\"{&quot;layout&quot;:&quot;horizontal&quot;,&quot;submenu_icon&quot;:{&quot;value&quot;:&quot;&lt;i class=\\&quot;fas fa-caret-down\\&quot; aria-hidden=\\&quot;true\\&quot;&gt;&lt;\\\/i&gt;&quot;,&quot;library&quot;:&quot;fa-solid&quot;},&quot;toggle&quot;:&quot;burger&quot;}\" data-widget_type=\"nav-menu.default\">\n\t\t\t\t<div class=\"elementor-widget-container\">\n\t\t\t\t\t\t\t\t<nav aria-label=\"Men\u00fc\" class=\"elementor-nav-menu--main elementor-nav-menu__container elementor-nav-menu--layout-horizontal e--pointer-underline e--animation-fade\">\n\t\t\t\t<ul id=\"menu-1-708b5df\" class=\"elementor-nav-menu\"><li class=\"menu-item menu-item-type-post_type menu-item-object-page menu-item-home menu-item-642\"><a href=\"https:\/\/zis-sachenauston.de\/\" class=\"elementor-item\">zis \u2013 sachen aus ton<\/a><\/li>\n<li class=\"menu-item menu-item-type-post_type menu-item-object-page menu-item-653\"><a href=\"https:\/\/zis-sachenauston.de\/?page_id=652\" class=\"elementor-item\">about<\/a><\/li>\n<li class=\"menu-item menu-item-type-post_type menu-item-object-page menu-item-647\"><a href=\"https:\/\/zis-sachenauston.de\/?page_id=646\" class=\"elementor-item\">Kurse<\/a><\/li>\n<li class=\"menu-item menu-item-type-post_type menu-item-object-page menu-item-658\"><a href=\"https:\/\/zis-sachenauston.de\/?page_id=655\" class=\"elementor-item\">Offene T\u00f6pferei<\/a><\/li>\n<li class=\"menu-item menu-item-type-post_type menu-item-object-page menu-item-650\"><a href=\"https:\/\/zis-sachenauston.de\/?page_id=649\" class=\"elementor-item\">shop<\/a><\/li>\n<li class=\"menu-item menu-item-type-custom menu-item-object-custom menu-item-664\"><a href=\"https:\/\/www.instagram.com\/zis_sachenauston\/\" class=\"elementor-item\" target=\"_blank\" rel=\"noopener\">Instagram<\/a><\/li>\n<\/ul>\t\t\t<\/nav>\n\t\t\t\t\t<div class=\"elementor-menu-toggle\" role=\"button\" tabindex=\"0\" aria-label=\"Men\u00fc Umschalter\" aria-expanded=\"false\">\n\t\t\t<i aria-hidden=\"true\" role=\"presentation\" class=\"elementor-menu-toggle__icon--open eicon-menu-bar\"><\/i><i aria-hidden=\"true\" role=\"presentation\" class=\"elementor-menu-toggle__icon--close eicon-close\"><\/i>\t\t<\/div>\n\t\t\t\t\t<nav class=\"elementor-nav-menu--dropdown elementor-nav-menu__container\" aria-hidden=\"true\">\n\t\t\t\t<ul id=\"menu-2-708b5df\" class=\"elementor-nav-menu\"><li class=\"menu-item menu-item-type-post_type menu-item-object-page menu-item-home menu-item-642\"><a href=\"https:\/\/zis-sachenauston.de\/\" class=\"elementor-item\" tabindex=\"-1\">zis \u2013 sachen aus ton<\/a><\/li>\n<li class=\"menu-item menu-item-type-post_type menu-item-object-page menu-item-653\"><a href=\"https:\/\/zis-sachenauston.de\/?page_id=652\" class=\"elementor-item\" tabindex=\"-1\">about<\/a><\/li>\n<li class=\"menu-item menu-item-type-post_type menu-item-object-page menu-item-647\"><a href=\"https:\/\/zis-sachenauston.de\/?page_id=646\" class=\"elementor-item\" tabindex=\"-1\">Kurse<\/a><\/li>\n<li class=\"menu-item menu-item-type-post_type menu-item-object-page menu-item-658\"><a href=\"https:\/\/zis-sachenauston.de\/?page_id=655\" class=\"elementor-item\" tabindex=\"-1\">Offene T\u00f6pferei<\/a><\/li>\n<li class=\"menu-item menu-item-type-post_type menu-item-object-page menu-item-650\"><a href=\"https:\/\/zis-sachenauston.de\/?page_id=649\" class=\"elementor-item\" tabindex=\"-1\">shop<\/a><\/li>\n<li class=\"menu-item menu-item-type-custom menu-item-object-custom menu-item-664\"><a href=\"https:\/\/www.instagram.com\/zis_sachenauston\/\" class=\"elementor-item\" tabindex=\"-1\" target=\"_blank\" rel=\"noopener\">Instagram<\/a><\/li>\n<\/ul>\t\t\t<\/nav>\n\t\t\t\t\t\t<\/div>\n\t\t\t\t<\/div>\n\t\t\t\t\t<\/div>\n\t\t<\/div>\n\t\t\t\t\t<\/div>\n\t\t<\/section>\n\t\t\t\t<section class=\"elementor-section elementor-top-section elementor-element elementor-element-6f681cc elementor-section-boxed elementor-section-height-default elementor-section-height-default\" data-id=\"6f681cc\" data-element_type=\"section\" data-e-type=\"section\">\n\t\t\t\t\t\t<div class=\"elementor-container elementor-column-gap-default\">\n\t\t\t\t\t<div class=\"elementor-column elementor-col-100 elementor-top-column elementor-element elementor-element-03c015f\" data-id=\"03c015f\" data-element_type=\"column\" data-e-type=\"column\">\n\t\t\t<div class=\"elementor-widget-wrap elementor-element-populated\">\n\t\t\t\t\t\t<div class=\"elementor-element elementor-element-27d2c62 elementor-widget elementor-widget-spacer\" data-id=\"27d2c62\" data-element_type=\"widget\" data-e-type=\"widget\" data-widget_type=\"spacer.default\">\n\t\t\t\t<div class=\"elementor-widget-container\">\n\t\t\t\t\t\t\t<div class=\"elementor-spacer\">\n\t\t\t<div class=\"elementor-spacer-inner\"><\/div>\n\t\t<\/div>\n\t\t\t\t\t\t<\/div>\n\t\t\t\t<\/div>\n\t\t\t\t\t<\/div>\n\t\t<\/div>\n\t\t\t\t\t<\/div>\n\t\t<\/section>\n\t\t\t\t<section class=\"elementor-section elementor-top-section elementor-element elementor-element-f6dee8a elementor-section-boxed elementor-section-height-default elementor-section-height-default\" data-id=\"f6dee8a\" data-element_type=\"section\" data-e-type=\"section\">\n\t\t\t\t\t\t<div class=\"elementor-container elementor-column-gap-default\">\n\t\t\t\t\t<div class=\"elementor-column elementor-col-66 elementor-top-column elementor-element elementor-element-12d8be3\" data-id=\"12d8be3\" data-element_type=\"column\" data-e-type=\"column\">\n\t\t\t<div class=\"elementor-widget-wrap elementor-element-populated\">\n\t\t\t\t\t\t<div class=\"elementor-element elementor-element-ca86e33 elementor-widget elementor-widget-text-editor\" data-id=\"ca86e33\" data-element_type=\"widget\" data-e-type=\"widget\" data-widget_type=\"text-editor.default\">\n\t\t\t\t<div class=\"elementor-widget-container\">\n\t\t\t\t\t\t\t\t\t<p class=\"p1\">Ich bin Franziska Sch\u00fcller, die Gr\u00fcnderin von zis \u2013 sachen aus ton!<\/p>\n<p class=\"p1\">Kurz nachdem ich 1991 in Bonn geboren bin, zog meine Familie nach Gro\u00df-Umstadt, wo ich aufwuchs und selbst eine Familie und eine Selbstst\u00e4ndigkeit gr\u00fcndete.<\/p>\n<p class=\"p1\">Nach meinem Bachelor in Kunstgeschichte und Kunst &#8211; Medien &#8211; kulturelle Bildung an der Goethe Universit\u00e4t Frankfurt am Main, entwickelte ich in Zusammenarbeit mit Institutionen der Kinder- und Jugendf\u00f6rderung und verschiedenen Kultureinrichtungen Workshops zur \u00e4sthetischen und kulturellen Bildung, seit 2017 immer mehr mit Bezug auf dem Material Ton.<\/p>\n<p class=\"p1\">Ende 2020 gr\u00fcndete ich schlie\u00dflich mein eigenes T\u00f6pferstudio zis \u2013 sachen aus ton in Gro\u00df-Umstadt. Dort t\u00f6pfere sie selbst und biete Kurse f\u00fcr Kinder und Erwachsene an. Dieses Jahr stand ein Umzug in die sch\u00f6nen und gro\u00dfen R\u00e4umlichkeiten im zimmer acht &amp; zwanzig an, das ich nach Renovierungsarbeiten im August er\u00f6ffnen konnte!<\/p>\n<p class=\"p1\">Mir geht es beim T\u00f6pfern um die prozesshafte Auseinandersetzung mit dem urspr\u00fcnglichen Naturmaterial, durch die immer auch die Selbstreflexion gef\u00f6rdert wird. Mein Fokus liegt dabei auf der F\u00f6rderung des Eigenen, Individuellen, um anschlie\u00dfend damit in den Austausch nach Au\u00dfen zu treten. Besonders gef\u00e4llt mir am Ton die Freiheit der Gestaltung und der Form, ob praktisches Gebrauchsgeschirr f\u00fcr den t\u00e4glichen Bedarf oder andere kunstvolle Objekte, alles darf entstehen, nichts muss Sinn ergeben. Die H\u00e4nde schaffen und der Kopf folgt.&nbsp;<\/p>\n<p>Wenn du Fragen zu meinem Angebot oder Interesse an einer Zusammenarbeit hast, freu ich mich sehr \u00fcber eine email von dir!<\/p>\n<p>Ich freu mich sehr, dich hoffenlich bald in meinem sch\u00f6nen Studio begr\u00fc\u00dfen zu k\u00f6nnen und gemeinsam den Ton zu sp\u00fcren.&nbsp;<\/p>\t\t\t\t\t\t\t\t<\/div>\n\t\t\t\t<\/div>\n\t\t\t\t\t<\/div>\n\t\t<\/div>\n\t\t\t\t<div class=\"elementor-column elementor-col-33 elementor-top-column elementor-element elementor-element-88e316e\" data-id=\"88e316e\" data-element_type=\"column\" data-e-type=\"column\">\n\t\t\t<div class=\"elementor-widget-wrap elementor-element-populated\">\n\t\t\t\t\t\t<div class=\"elementor-element elementor-element-687a842 elementor-widget elementor-widget-image\" data-id=\"687a842\" data-element_type=\"widget\" data-e-type=\"widget\" data-widget_type=\"image.default\">\n\t\t\t\t<div class=\"elementor-widget-container\">\n\t\t\t\t\t\t\t\t\t\t\t\t\t\t\t<img fetchpriority=\"high\" decoding=\"async\" width=\"579\" height=\"1024\" src=\"https:\/\/zis-sachenauston.de\/wp-content\/uploads\/2024\/10\/IMG_4283-579x1024.jpg\" class=\"attachment-large size-large wp-image-1040\" alt=\"\" srcset=\"https:\/\/zis-sachenauston.de\/wp-content\/uploads\/2024\/10\/IMG_4283-579x1024.jpg 579w, https:\/\/zis-sachenauston.de\/wp-content\/uploads\/2024\/10\/IMG_4283-170x300.jpg 170w, https:\/\/zis-sachenauston.de\/wp-content\/uploads\/2024\/10\/IMG_4283-768x1359.jpg 768w, https:\/\/zis-sachenauston.de\/wp-content\/uploads\/2024\/10\/IMG_4283-868x1536.jpg 868w, https:\/\/zis-sachenauston.de\/wp-content\/uploads\/2024\/10\/IMG_4283-1158x2048.jpg 1158w, https:\/\/zis-sachenauston.de\/wp-content\/uploads\/2024\/10\/IMG_4283.jpg 1350w\" sizes=\"(max-width: 579px) 100vw, 579px\" \/>\t\t\t\t\t\t\t\t\t\t\t\t\t\t\t<\/div>\n\t\t\t\t<\/div>\n\t\t\t\t\t<\/div>\n\t\t<\/div>\n\t\t\t\t\t<\/div>\n\t\t<\/section>\n\t\t\t\t<section class=\"elementor-section elementor-top-section elementor-element elementor-element-df49a19 elementor-section-boxed elementor-section-height-default elementor-section-height-default\" data-id=\"df49a19\" data-element_type=\"section\" data-e-type=\"section\">\n\t\t\t\t\t\t<div class=\"elementor-container elementor-column-gap-default\">\n\t\t\t\t\t<div class=\"elementor-column elementor-col-100 elementor-top-column elementor-element elementor-element-585c394\" data-id=\"585c394\" data-element_type=\"column\" data-e-type=\"column\">\n\t\t\t<div class=\"elementor-widget-wrap elementor-element-populated\">\n\t\t\t\t\t\t<div class=\"elementor-element elementor-element-0f83104 elementor-widget elementor-widget-spacer\" data-id=\"0f83104\" data-element_type=\"widget\" data-e-type=\"widget\" data-widget_type=\"spacer.default\">\n\t\t\t\t<div class=\"elementor-widget-container\">\n\t\t\t\t\t\t\t<div class=\"elementor-spacer\">\n\t\t\t<div class=\"elementor-spacer-inner\"><\/div>\n\t\t<\/div>\n\t\t\t\t\t\t<\/div>\n\t\t\t\t<\/div>\n\t\t\t\t\t<\/div>\n\t\t<\/div>\n\t\t\t\t\t<\/div>\n\t\t<\/section>\n\t\t\t\t<\/div>\n\t\t","protected":false},"excerpt":{"rendered":"<p>Ich bin Franziska Sch\u00fcller, die Gr\u00fcnderin von zis \u2013 sachen aus ton! Kurz nachdem ich 1991 in Bonn geboren bin, zog meine Familie nach Gro\u00df-Umstadt, wo ich aufwuchs und selbst eine Familie und eine Selbstst\u00e4ndigkeit gr\u00fcndete. Nach meinem Bachelor in Kunstgeschichte und Kunst &#8211; Medien &#8211; kulturelle Bildung an der Goethe Universit\u00e4t Frankfurt am Main, [&hellip;]<\/p>\n","protected":false},"author":1,"featured_media":0,"parent":0,"menu_order":0,"comment_status":"closed","ping_status":"closed","template":"elementor_theme","meta":{"footnotes":""},"class_list":["post-652","page","type-page","status-publish","hentry","entry"],"_links":{"self":[{"href":"https:\/\/zis-sachenauston.de\/index.php?rest_route=\/wp\/v2\/pages\/652","targetHints":{"allow":["GET"]}}],"collection":[{"href":"https:\/\/zis-sachenauston.de\/index.php?rest_route=\/wp\/v2\/pages"}],"about":[{"href":"https:\/\/zis-sachenauston.de\/index.php?rest_route=\/wp\/v2\/types\/page"}],"author":[{"embeddable":true,"href":"https:\/\/zis-sachenauston.de\/index.php?rest_route=\/wp\/v2\/users\/1"}],"replies":[{"embeddable":true,"href":"https:\/\/zis-sachenauston.de\/index.php?rest_route=%2Fwp%2Fv2%2Fcomments&post=652"}],"version-history":[{"count":35,"href":"https:\/\/zis-sachenauston.de\/index.php?rest_route=\/wp\/v2\/pages\/652\/revisions"}],"predecessor-version":[{"id":1154,"href":"https:\/\/zis-sachenauston.de\/index.php?rest_route=\/wp\/v2\/pages\/652\/revisions\/1154"}],"wp:attachment":[{"href":"https:\/\/zis-sachenauston.de\/index.php?rest_route=%2Fwp%2Fv2%2Fmedia&parent=652"}],"curies":[{"name":"wp","href":"https:\/\/api.w.org\/{rel}","templated":true}]}}